 Suppose 4*a - 3*a = 4*y - 10, a + 4 = 2*y. Calculate n(a).
-4
Let q(x) = -x**3 + 4*x**2 - 4*x + 3. Let b be q(3). Let n(z) be the second derivative of z**3/6 + 15*z**2/2 - 195*z + 1. What is n(b)?
15
Let r(n) = -2*n**2 + n - 3. Let j be r(0). Let b(w) = -w**2 - 2*w + 3. Give b(j).
0
Let n(b) = 4*b - 7. Let k(f) = 3*f - 6. Let z = -35 + 42. Let g(x) = z*k(x) - 6*n(x). Give g(2).
-6
Let i(f) = 5 - 22 - 11*f + 12 + 0 + 11. Determine i(1).
-5
Let n(d) = -770*d - 789*d + d**3 + 12*d**2 + 1580*d. Determine n(-10).
-10
Suppose -5 = -r - 11. Let l(t) = 6*t + 5. Calculate l(r).
-31
Suppose -3*l + 24 - 9 = 0. Suppose -2*b = -z, -z - 3*b = -4*z + 3. Let u(r) = -5 - 5*r + r**2 + 2*r**z - 2*r**2 + 0*r**2. Give u(l).
-5
Let z be (-2 - -6)*(-3)/(-6). Let q(j) = j**3 + 2 + 6*j**2 + z + j + 4*j + 0*j**2. Let r be (9 + -1)/(5/((-10)/4)). Determine q(r).
16
Let x(k) = 10*k**2 + 6*k - 15. Let y(m) = 13*m**2 + 5*m - 16. Let g(c) = 4*x(c) - 3*y(c). Determine g(-9).
-12
Let q(p) = 6*p - 14*p - 4*p**3 - 2*p**2 + 4*p + 0*p**3 + 6*p. What is q(2)?
-36
Suppose -14*h + 15 = -11*h. Suppose -h*p + 3*k + 46 = 0, p - k - 14 = 2*k. Let r(x) = x**3 - 7*x**2 - 9*x + 8. Give r(p).
0
Suppose -4*b = -3*w - 43, -2*w - 2*w = 4. Suppose 5*v + 5*a = b, 0*v + 2*a - 4 = v. Let l(o) = o**2 + o + 21. What is l(v)?
21
Let t(q) = -q**3 - q**2 - q - 5. Suppose -2*r - 4*z = -16, -5*z + 0 + 6 = -r. Suppose 12 = r*x + 4. Let p = 2 - x. Determine t(p).
-5
Suppose 3*k + 0 = -2*u - 4, 0 = 4*k + u + 2. Suppose 9*g = 10*g - 5. Suppose k*o + 20 = -g*o. Let m(w) = w**2 + 4*w + 2. What is m(o)?
2
Let a(r) be the second derivative of r**3/6 + r**2/2 - 11*r. Suppose 3*u - 3 = -3*d, 2*d = -3*u + 1 - 0. Let l be a(u). Let n(y) = -y + 8. What is n(l)?
8
Let f be -4*2/(-8) - (1 + 1). Let r(s) = -3*s**2 + 2*s**2 - 2*s**2. What is r(f)?
-3
Let o(p) = 7 - 5*p - 14 + 2*p. Calculate o(-9).
20
Let y(g) be the third derivative of g**7/1680 + 11*g**6/720 - 13*g**5/60 + 4*g**2. Let b(h) be the third derivative of y(h). Determine b(-8).
-13
Suppose -14 = -3*m - 2. Suppose 1 = 5*z - m. Let v(t) = t**3 - 2*t + 1. What is v(z)?
0
Let i(v) = v**3 + v**2 - v + 11. Let f = 40 + -38. Let m be (7/f - 3)*0. Determine i(m).
11
Let o(z) = z**3 - 6*z**2 + 5*z - 4. Let t be o(5). Suppose -3*h + 34 = 4*y, -22 = 2*h - 5*h - y. Let s(n) = -h - 4*n - 2*n + 3*n. What is s(t)?
6
Let n(j) be the third derivative of -j**4/12 - 19*j**2 - 1. What is n(-6)?
12
Suppose -6*v - 6 = -8*v. Let h(j) = -j**2 + 4*j - 1. Let g(u) = -u**2 + 5*u - 1. Let m(z) = v*g(z) - 4*h(z). Calculate m(3).
7
Let n = -217 - -214. Let a(i) = i**3 + i**2 - 2*i + 1. Calculate a(n).
-11
Let r(q) = -22*q - 1. Suppose x + 0*x + 1 = 0. Give r(x).
21
Let t be 27*2/(-9)*(-2)/4. Let n(s) = s**2 - s - 7. Calculate n(t).
-1
Let v(o) be the first derivative of o**5/60 + 7*o**4/24 - o**3/3 - 7*o**2/2 + 13. Let x(k) be the second derivative of v(k). Give x(-6).
-8
Let i(j) = j - 4. Let t(d) = -16*d - 1. Let s(w) = 3*w. Let n(f) = -11*s(f) - 2*t(f). Let l(o) = -4*i(o) - 7*n(o). Determine l(2).
8
Suppose 0 = 2*m + v - 1, -10*m = -5*m - 2*v + 2. Let d(p) = -p**2 - p + 56. Calculate d(m).
56
Let w(s) be the first derivative of -s**3/3 - 5*s**2/2 + 3*s + 89. Let o = -10 + 6. Calculate w(o).
7
Let d(z) = 3 + 0 + 8315*z - 8311*z. Calculate d(-10).
-37
Let y(w) = -9*w - 5. Let l be ((-8)/(-10))/(15/75). Suppose -4*c = l, j - 6*j + 36 = -c. Let a(r) = 17*r + 9. Let u(i) = j*y(i) + 4*a(i). Calculate u(-3).
-14
Suppose -4*o + 11 = z, -1 = -2*z + 3*z. Let f(v) = -13*v**3 - 5*v**2 + 3*v**3 + 4*v**o - 3 + 5*v + 5*v**3. Determine f(-6).
3
Let y(j) = -2*j - 284 - 288 + 556. Give y(-8).
0
Let y(j) = j**2 - 5*j - 8. Let s(v) = -2*v - 2. Let b be s(-6). Let o(u) = u**2 - 9*u - 4. Let r be o(b). Give y(r).
-2
Let g(y) be the third derivative of y**6/120 - y**5/12 - y**4/3 + 5*y**3/3 - 247*y**2. What is g(6)?
-2
Let v(m) be the second derivative of m**5/20 + 5*m**4/12 - 5*m**2/2 + 15*m + 1. Let y be (-5)/2*(2 - 0). Determine v(y).
-5
Let u be (29 - -1)/((-2)/(-1)). Let v = u - 20. Let f(o) = -2*o - 5. Give f(v).
5
Let o(s) = -58 - 4*s**2 + 5*s**2 - 13*s + 32. Give o(15).
4
Let r(b) = -2*b**2 + 20. Let s = 717 - 717. Give r(s).
20
Let o = 1 - -13. Let n(v) = 1 - o*v + 22*v - 6*v + v**2. What is n(-4)?
9
Let f(u) = u**3 - 7*u**2 + 6*u + 3. Let v(o) = -o**2 + 9*o - 7. Let y be v(8). Suppose 0 = -p - y - 0. Let i = 7 + p. Give f(i).
3
Let p be (0 + -3)/((-1)/1). Let o = -2 + p. Let t(d) be the third derivative of -d**4/8 - 25*d**2. Determine t(o).
-3
Let i(j) be the third derivative of -j**6/120 + j**5/10 - j**3/6 - j**2 + 41. Calculate i(6).
-1
Let d(g) = g**2 + 5*g - 9. Suppose 4*q + 36 = 3*y - 6*y, -4*q + 3*y - 12 = 0. Calculate d(q).
-3
Let z(s) = -8*s - s**3 - 2*s**2 + 2*s**3 - 6 - 6*s**2. Let y be z(9). Suppose y*a - 9 = 6. Let q(k) = -k - 4. Give q(a).
-9
Let v = -24 + 29. Let f(i) = i**3 + i**2 - i - 1. Let z(q) = -3*q**3 - 10*q**2 + 10*q + 3. Let w(y) = 4*f(y) + z(y). What is w(v)?
4
Let x(u) be the second derivative of -u**6/120 - u**5/60 + u**4/24 - u**3/6 + 47*u**2/2 - 24*u. Let v(o) be the first derivative of x(o). What is v(0)?
-1
Let d(s) = -19 - 2*s**2 + s**2 + 3 - 16*s + 4*s. Determine d(-12).
-16
Let z(y) = 5*y - 14 + 15 + 5*y**2 + y**3 + y**2. What is z(-6)?
-29
Let r be (38/4)/((-3)/6). Let b = r + 17. Let z(s) = -2*s. Let g be z(b). Let v(n) = -n**2 + 8*n - 6. What is v(g)?
10
Suppose 4*x = 2*l - 26, 0 = 4*x - 3*l + 21. Let v(y) be the first derivative of y**4/4 + 3*y**3 - y**2/2 - 10*y + 7. Calculate v(x).
-1
Let q(y) = -y**2 + y**3 - 6 + 7 - y + 0. Let l(r) = -3*r**3 + 9*r**2 - 3*r + 1. Let i(x) = l(x) + 2*q(x). Calculate i(6).
9
Let p(a) be the first derivative of -a**4/4 + 4*a**3 - 5*a**2/2 - 8*a + 9. Let r(t) = -t**3 + 11*t**2 - 5*t - 7. Let f(h) = -3*p(h) + 4*r(h). Give f(7).
10
Let q(r) = 2*r**3 - 2*r**2 + 2*r - 1. Suppose -5*c + 2*c = 150. Let i = 51 + c. What is q(i)?
1
Let f(t) = 3*t - 94. Let r be f(30). Let m(d) = d**3 + 5*d**2 + 5*d - 1. Calculate m(r).
-5
Let g(y) be the first derivative of -y**2 - 14*y - 127. Determine g(-8).
2
Suppose -5*l = 80 + 40. Let p = -16 - l. Let m(o) = 2*o - 2*o - p + 6*o - 5*o. Determine m(6).
-2
Let t(g) = 4*g**2 - g + 11. Let i(v) = 3*v**2 - v + 11. Let n(d) = -3*i(d) + 2*t(d). Suppose 0*p = -3*j + 5*p - 20, -4*j - 2*p = -8. What is n(j)?
-11
Let g(l) = -3*l - 1. Let x(r) = r**3 + 17*r**2 + 17*r - 7. Let v be x(-16). Let j(k) = k**2 + 24*k + 17. Let a be j(v). What is g(a)?
17
Let w be ((-84)/54)/7 + (-20)/(-9). Let s(k) = 3*k - 3. Calculate s(w).
3
Suppose -k + 8 = -2*d, 3*k + k + 4 = -4*d. Let c(a) = 9*a - 1. Let u(l) = -9*l + 1. Let j(b) = k*c(b) + 3*u(b). What is j(1)?
-8
Let c be (-4)/10 + (-176)/(-40). Let u be (-2 + c - 5)/(-1). Suppose 2*k + s = 5*k - 5, -3*s = -3*k - u. Let v(m) = -m**2 + 2*m - 4. Give v(k).
-7
Let c(i) = i - 1. Let z be c(6). Suppose -3*h = g - 6*g - 47, 4*h = -3*g - z. Let j(r) = r + 7. Calculate j(g).
0
Let g(k) be the second derivative of -k**4/12 + 2*k**3/3 - 9*k**2/2 - 10*k + 22. Calculate g(0).
-9
Let a(s) = -16*s - 6*s + 31*s - 5*s + 4. Give a(-5).
-16
Let z(i) be the second derivative of -i**4/12 + 5*i**3/2 + 15*i**2/2 - 703*i. What is z(15)?
15
Let i(z) = z**2 - 12*z + 9. Let q be 1370/150 + (-2)/15. Give i(q).
-18
Suppose -2*u + 5*u + 33 = 0. Let l(m) be the third derivative of -m**4/12 - 7*m**3/3 + 5*m**2 - 1. Calculate l(u).
8
Let m(l) = 2*l + l**3 + 2454 - 2454 + 0*l - 2*l**2. Suppose -5*o + 6 = -9. What is m(o)?
15
Let k(g) = -g**2 + 10*g + 12. Let h = -419 + 428. Give k(h).
21
Let n = 184 + -181. Let v(r) = -r**2 + 23 + 3*r - 23. Give v(n).
0
Suppose 4*o - 5*f = -129, 2*o + 3*f + 189 = -3*o. Let c = 64 + o. Suppose 5*b + c = b - 4*l, b + 3*l + 15 = 0. Let s(i) = -i**2 - 6*i - 2. Give s(b).
7
Let w = -480 + 470. Let j(p) = -p**3 - 10*p**2 - p + 2. What is j(w)?
12
Let r(f) = 5*f + 7. Let v(g) = 2*g + 3. Let x(p) = -3*r(p) + 7*v(p). Suppose n - 12 = -3*n. Suppose -l + 0 = -b + 7, 0 = 2*l - n*b + 19. Give x(l).
2
Let l(u) be the first derivative of u**2 - 7*u + 466. Calculate l(5).
3
Let z(j) = j + 5. Let x be (-18)/(-8) + 2/(-8). Let h(m) = -2*m**2 - 5*m**3 - 2*m**3 + 4*m**2 - x*m + 1. Let r be h(1). What is z(r)?
-1
Let w(k) be the second derivative of k**3/6 - 22*k**2 - 13*k - 3. Calculate w(0